23*r + 106. Calculate y(7).
-6
Let t(h) = h**2 - 76*h - 1369. What is t(91)?
-4
Let l(y) = 2*y**2 - 49*y + 39. Give l(22).
-71
Let c(h) = 789*h - 96253. What is c(122)?
5
Let o(a) = 2*a**3 + 21*a + 61. Determine o(-5).
-294
Let g(y) = 32*y**2 - 82*y - 22. Calculate g(5).
368
Let o(q) = 2*q**3 - 30*q**2 + 46*q - 22. Determine o(12).
-334
Let i(p) = p**3 + 6*p**2 - 2*p - 7. Give i(-3).
26
Let g(w) = -w**2 - 334*w - 3694. Give g(-12).
170
Let l(t) = -199*t - 1589. Calculate l(-8).
3
Let w(i) = -7*i + 319. Determine w(58).
-87
Let q(x) = -94*x**2 - 301*x - 58. Give q(-3).
-1
Let p(z) = z**3 + 36*z**2 + 41*z + 100. Calculate p(-35).
-110
Let j(q) = -674*q + 3072. Give j(5).
-298
Let f(j) = j**3 - 15*j**2 + 37*j - 2138. Calculate f(19).
9
Let w(p) = -3*p**3 + 99*p**2 - 352*p + 6. Calculate w(4).
-10
Let q(x) = -10*x**2 + 7*x + 34. Determine q(2).
8
Let x(r) = -r**2 - 13*r + 56. What is x(-17)?
-12
Let b(q) = -21*q + 50. What is b(4)?
-34
Let f(c) = -c**2 - 393*c + 2792. What is f(7)?
-8
Let u(w) = -w**2 - 51*w - 98. Calculate u(-34).
480
Let n(s) = 122*s - 10835. Calculate n(89).
23
Let m(y) = 2*y**2 + 20*y - 46. Calculate m(-13).
32
Let n(y) = 78*y**2 - 7*y - 6. Give n(-1).
79
Let c(a) = -a**3 - a**2 - a + 197. Calculate c(0).
197
Let n(y) = 7*y + 89. Determine n(-12).
5
Let v(s) = s**3 - s**2 - 24*s - 55. Determine v(-3).
-19
Let y(n) = 2*n**3 - n**2 - 13*n. Determine y(-3).
-24
Let a(k) = -122*k + 20860. Calculate a(171).
-2
Let c(w) = w**3 - 6*w**2 - 7*w + 19. Give c(4).
-41
Let p(i) = 7*i**2 + 128*i + 416. Give p(-14).
-4
Let s(d) = -d**3 - 88*d**2 + 2*d + 184. Give s(-88).
8
Let z(h) = -101*h + 19816. What is z(196)?
20
Let n(l) = -4*l**2 - 4*l + 26. What is n(6)?
-142
Let h(d) = 5*d - 10. Determine h(27).
125
Let d(j) = -j**2 + 74*j + 2607. Determine d(100).
7
Let u(r) = -244*r + 9928. Give u(40).
168
Let h(b) = 10*b**2 + 76*b + 141. Determine h(-8).
173
Let i(u) = 108*u**3 - 6*u - 28. Calculate i(-2).
-880
Let l(r) = -39*r - 3594. Calculate l(-83).
-357
Let s(y) = -2*y**3 + 115*y**2 + 762*y + 14. Give s(-6).
14
Let u(g) = 241*g**2 + 730*g + 37. Give u(-3).
16
Let i(z) = 2*z**2 + 20*z - 804. What is i(19)?
298
Let p(s) = -10*s**3 + 4*s**2 - s - 10. Calculate p(-3).
299
Let k(v) = v**3 + 51*v**2 - 391*v - 2822. What is k(-57)?
-29
Let i(l) = l**3 + 21*l**2 + 7*l - 186. Give i(-20).
74
Let q(j) = 15*j**3 - 5*j**2 - 5*j - 2. Determine q(-2).
-132
Let r(u) = 37*u - 3521. Calculate r(87).
-302
Let g(u) = -u**2 + 30*u + 1068. Determine g(-21).
-3
Let o(w) = 61*w**2 - 269*w + 4. Determine o(7).
1110
Let w(r) = r**3 + 7*r**2 - r + 1. Determine w(-12).
-707
Let q(m) = -4*m**3 + 21*m**2 + 67*m - 3. Calculate q(-5).
687
Let a(z) = 8*z**2 + 904*z + 4317. Give a(-5).
-3
Let x(i) = 3*i - 457. Determine x(9).
-430
Let t(i) = i**3 + 26*i**2 + 2*i + 45. Calculate t(-26).
-7
Let j(v) = -v**3 - 16*v**2 + 3*v - 161. What is j(-17)?
77
Let p(i) = 2*i**3 + 251*i**2 - 124*i + 264. Determine p(-126).
12
Let f(r) = 9*r**2 + 65*r - 75. What is f(-9)?
69
Let n(g) = -1689*g + 25337. Determine n(15).
2
Let w(v) = 41*v**2 - 331*v - 4. Calculate w(8).
-28
Let u(f) = -3*f**2 - 87*f - 89. Give u(-28).
-5
Let z(o) = o**3 + 12*o**2 - 167. Determine z(-9).
76
Let u(n) = 218*n**3 + 2*n**2 + 2*n - 5. Calculate u(1).
217
Let u(n) = 8*n - 332. Calculate u(-14).
-444
Let m(y) = -2*y**3 - 109*y**2 + 77*y + 1229. What is m(-55)?
19
Let a(j) = j**2 + 7*j - 89. What is a(-9)?
-71
Let q(l) = 163*l + 1798. Calculate q(-11).
5
Let r(k) = k**2 - 24*k - 145. Calculate r(26).
-93
Let z(q) = -564*q - 3392. Calculate z(-6).
-8
Let g(s) = -25*s + 1158. What is g(47)?
-17
Let s(y) = -25*y - 35. Give s(5).
-160
Let m(q) = 4*q - 156. Determine m(41).
8
Let n(j) = -2*j**3 - 12*j**2 + 31*j + 15. Calculate n(-7).
-104
Let r(o) = o**2 - 99*o - 14334. What is r(-80)?
-14
Let l(j) = j**3 + 87*j**2 + 53*j - 2843. Determine l(-86).
-5
Let m(i) = -i**3 - 106*i**2 - 204*i + 417. Determine m(-104).
1
Let b(a) = -a**3 - 12*a**2 - 8*a + 14. What is b(-11)?
-19
Let p(n) = 4*n**3 - 15*n**2 - 69*n - 27. What is p(-4)?
-247
Let d(k) = 35*k - 543. Give d(15).
-18
Let s(c) = -c**3 - 17*c**2 - 63*c + 42. Determine s(-7).
-7
Let i(b) = -4*b + 65. Give i(21).
-19
Let t(q) = -61*q + 1004. Give t(16).
28
Let b(z) = -16*z + 438. Give b(24).
54
Let j(m) = 2*m**2 + 67*m + 98. Determine j(-44).
1022
Let f(h) = -39*h**2 + 4193*h + 2051. Determine f(108).
-1
Let v(g) = g**3 + 5*g**2 - 77*g - 429. Determine v(-6).
-3
Let p(v) = 636*v - 5080. Calculate p(8).
8
Let v(k) = -k**3 + 18*k**2 - 30*k - 85. Calculate v(16).
-53
Let p(o) = o**2 + 11*o - 206. Give p(13).
106
Let l(a) = 648*a - 16852. Give l(26).
-4
Let o(b) = -1083*b + 9721. What is o(9)?
-26
Let c(m) = m**2 + 103*m + 1852. Determine c(-80).
12
Let u(w) = -67*w + 347. Give u(5).
12
Let v(x) = 3*x**2 + 15*x - 112. Determine v(-14).
266
Let r(u) = -u**2 + 4*u - 15. Determine r(4).
-15
Let o(g) = 2*g**2 + 66*g - 96. Determine o(-35).
44
Let j(u) = -20*u - 142. Give j(-8).
18
Let p(z) = 21*z**3 + 2*z**2 + 2*z - 8. Calculate p(2).
172
Let b(l) = -2*l - 204. What is b(-40)?
-124
Let i(o) = -86*o**2 + 134*o + 403. Give i(-3).
-773
Let t(p) = p**3 + 6*p**2 - 59*p - 23. What is t(-12)?
-179
Let t(s) = s**3 + 5*s**2 - 6*s - 35. Calculate t(-5).
-5
Let y(x) = -x**3 - 2*x**2 - 10*x - 30. Determine y(-3).
9
Let n(i) = -i**2 - 144*i + 1669. Calculate n(-155).
-36
Let q(g) = 4610*g - 36875. Determine q(8).
5
Let b(s) = -181*s - 4672. Determine b(-26).
34
Let u(a) = -174*a - 29. What is u(2)?
-377
Let w(l) = -l**3 - 14*l**2 - 44*l + 20. What is w(-7)?
-15
Let u(s) = -7*s**3 - 4*s**2 + 2*s + 7. What is u(0)?
7
Let h(u) = -27*u - 14. Give h(-3).
67
Let m(i) = i**2 + 131*i + 1737. What is m(-15)?
-3
Let v(t) = -t**3 - 58*t**2 + 121*t + 44. Give v(-60).
-16
Let n(u) = 64*u - 114. Give n(1).
-50
Let b(n) = -n**3 - 24*n**2 - 22*n - 65. Determine b(-23).
-88
Let c(r) = -5*r**2 + 19*r - 86. Calculate c(4).
-90
Let g(m) = 16*m**2 + 56*m - 4. Determine g(-4).
28
Let y(p) = p**3 - 7*p**2 + 77*p - 341. Calculate y(5).
-6
Let n(a) = -a**2 - 92*a - 535. Calculate n(-6).
-19
Let t(c) = -12*c**2 - 168*c - 21. Give t(-15).
-201
Let s(w) = w**2 - 26*w - 104. Determine s(30).
16
Let t(x) = -x**3 - 68*x**2 + 66*x - 203. Give t(-69).
4
Let t(y) = 17*y + 2501. What is t(-152)?
-83
Let c(z) = 479*z - 22034. Determine c(46).
0
Let w(p) = 2*p**3 + p**2 - 54*p - 235. Give w(-5).
-190
Let d(i) = -31205*i + 187239. What is d(6)?
9
Let w(n) = 4*n**2 - 46*n + 70. Give w(11).
48
Let d(w) = 6639*w + 39822. What is d(-6)?
-12
Let n(q) = 19*q**2 - 24*q - 24. Determine n(-1).
19
Let f(h) = 498*h + 13371. Give f(-27).
-75
Let k(r) = -13164*r + 39490. What is k(3)?
-2
Let h(j) = -13*j**3 + 144*j**2 + 2*j - 7. Give h(11).
136
Let x(f) = -39*f**2 - 228*f + 19. Calculate x(-6).
-17
Let j(t) = 20*t**2 - 6*t - 3. Give j(-2).
89
Let m(c) = 41*c - 4080. Give m(100).
20
Let o(i) = -5*i**2 - 70*i - 51. What is o(-13)?
14
Let a(m) = -40*m - 2376. Give a(-59).
-16
Let o(f) = 168*f - 10421. What is o(62)?
-5
Let p(s) = 2*s**2 - 165*s + 84. What is p(82)?
2
Let b(j) = j**3 - 55*j**2 - 2781*j - 209. Determine b(87).
52
Let z(f) = -9*f - 81. Calculate z(7).
-144
Let a(f) = -24*f**2 - 185*f - 253. Give a(-6).
-7
Let p(q) = -q**3 + 120*q**2 - q + 127. Give p(120).
7
Let x(u) = 3*u**2 + 174*u - 30. Calculate x(0).
-30
Let p(s) = -3*s**2 - 3*s + 83. Give p(0).
83
Let s(r) = 42*r**2 + r - 5. What is s(2)?
165
Let b(f) = 7*f**2 + 4*f - 3. Determine b(-4).
93
Let r(a) = 562*a**3 - 2*a**2 - a - 1. Give r(1).
558
Let k(x) = -123*x - 641. Determine k(-5).
-26
Let n(u) = u**3 - 18*u**2 - 64*u + 30. Determine n(21).
9
Let d(c) = 59*c + 333. What is d(-9)?
-198
Let p(f) = -2038*f - 24454. What is p(-12)?
2
Let b(f) = f**3 - 16*f**2 - 16*f + 14. Calculate b(17).
31
Let i(v) = v**3 + 9*v**2 + v - 34. What is i(-9)?
-43
Let k(p) = -4*p**3 + 7*p**2 + 16*p + 63. Calculate k(-4).
367
Let f(x) = x**2 - 116*x + 241. Calculate f(2).
13
Let c(f) = -2*f**3 + 19*f**2 + 85*f - 827. What is c(8)?
45
Let y(w) = -3*w**3 + 39*w**2 - 12*w - 68. Give y(13).
-224
Let f(d) = d**3 - 23*d**2 + 126*d - 21. Give f(14).
-21
Let a(v) = v**3 - 80*v**2 + 90*v - 850. Calculate a(79).
19
Let s(i) = 39*i + 5391. Give s(-138).
9
Let v(z) = -7*z**2 - 569*z + 1719. What is v(3)?
-5